{"id":81,"date":"2008-06-26T07:46:35","date_gmt":"2008-06-26T10:46:35","guid":{"rendered":"http:\/\/www.tobeguarany.com\/wp\/?page_id=131"},"modified":"2020-09-06T23:53:17","modified_gmt":"2020-09-07T02:53:17","slug":"universidade-da-birita","status":"publish","type":"page","link":"https:\/\/nitsites.com.br\/confraria\/sobre\/universidade-da-birita","title":{"rendered":"UniB"},"content":{"rendered":"\n<p>A <strong>Universidade da Birita &#8211; UniB<\/strong> oferece o curso de Gradua\u00e7\u00e3o Alco\u00f3lica em seis per\u00edodos. A titula\u00e7\u00e3o \u00e9 de <strong>Bacharel em Alcoologia<\/strong> e as aulas-churrasco s\u00e3o ministradas aos s\u00e1bados ou domingos (ou ambos, dependendo da disposi\u00e7\u00e3o para a pr\u00e1tica). O curso de <strong>Gradua\u00e7\u00e3o Alco\u00f3lica<\/strong> conta com mat\u00e9rias de suma import\u00e2ncia para o desenvolvimento \u00e9brio-educacional do <em>copo<\/em> discente&#8230; Ops! Corpo discente. Como por exemplo: &#8220;Hist\u00f3ria da Arte do \u00c1lcool&#8221;, &#8220;Projeto Alco\u00f3lico&#8221;, &#8220;Composi\u00e7\u00e3o e Modelagem dos Engradados&#8221;, &#8220;Est\u00e1tica dos Corpos El\u00e1sticos&#8221;, dentro outras.<\/p>\n\n\n\n<p>Para aqueles alunos que moram longe e precisam de um porto seguro dentro do campus da Universidade da Birita, a Confraria disponibiliza a <strong>Rep\u00fablica da Birita<\/strong>\u00ae! Uma pousada repleta de luxo e beleza, com acomoda\u00e7\u00f5es individuais dispon\u00edveis em tr\u00eas tamanhos:<\/p>\n\n\n\n<div class=\"wp-block-image\"><figure class=\"alignright size-full\"><img loading=\"lazy\" decoding=\"async\" width=\"498\" height=\"337\" src=\"https:\/\/nitsites.com.br\/confraria\/wp-content\/uploads\/sites\/9\/2008\/11\/isopor1.jpg\" alt=\"Su\u00edte Picol\u00e9 do China\" class=\"wp-image-269\" title=\"Rep\u00fablica da Birita\" srcset=\"https:\/\/nitsites.com.br\/confraria\/wp-content\/uploads\/sites\/9\/2008\/11\/isopor1.jpg 498w, https:\/\/nitsites.com.br\/confraria\/wp-content\/uploads\/sites\/9\/2008\/11\/isopor1-350x236.jpg 350w, https:\/\/nitsites.com.br\/confraria\/wp-content\/uploads\/sites\/9\/2008\/11\/isopor1-140x94.jpg 140w\" sizes=\"auto, (max-width: 498px) 100vw, 498px\" \/><\/figure><\/div>\n\n\n\n<ul class=\"wp-block-list\"><li><strong><span style=\"color: #993300;\">Isopor Stander.<\/span><\/strong> Para quem quer conforto mas n\u00e3o abre m\u00e3o da economia! S\u00e3o 30 cent\u00edmetros c\u00fabicos de puro conforto. Somente para pequenas bundas.<\/li><li><strong><span style=\"color: #ff8c00;\">Su\u00edte Picol\u00e9 do China.<\/span><\/strong> Essa incr\u00edvel caixa de isopor de 60 cent\u00edmetros c\u00fabicos acomoda at\u00e9 duas pessoas e refrigera suas n\u00e1degas por mais tempo! Tem at\u00e9 tampa espelhada! Imperd\u00edvel!<\/li><li><strong><span style=\"color: #339966;\">Su\u00edte Presidencial.<\/span><\/strong> Com quase um metro c\u00fabico, esse isopor acomoda at\u00e9 a bunda do Erinaldo! S\u00e3o dois ambientes, sof\u00e1, cama, som, pista de dan\u00e7a, ar-condicionado, banheira de hidromassagem dupla, tampa m\u00f3vel, piscina t\u00e9rmica e sauna a vapor. Completa e exuberante!!!<\/li><\/ul>\n\n\n\n<div class=\"wp-block-image\"><figure class=\"aligncenter size-full\"><img loading=\"lazy\" decoding=\"async\" width=\"520\" height=\"281\" src=\"https:\/\/nitsites.com.br\/confraria\/wp-content\/uploads\/sites\/9\/2008\/11\/isopor2.jpg\" alt=\"\" class=\"wp-image-270\" title=\"Rep\u00fablica da Birita 2\" srcset=\"https:\/\/nitsites.com.br\/confraria\/wp-content\/uploads\/sites\/9\/2008\/11\/isopor2.jpg 520w, https:\/\/nitsites.com.br\/confraria\/wp-content\/uploads\/sites\/9\/2008\/11\/isopor2-350x189.jpg 350w\" sizes=\"auto, (max-width: 520px) 100vw, 520px\" \/><\/figure><\/div>\n\n\n\n<p><strong>Garanta hoje mesmo o seu isopor! A partir de apenas R$ 19,90* voc\u00ea pode garantir o seu lugar na Rep\u00fablica da Birita! Corra! Caixas limitadas!<\/strong><\/p>\n\n\n\n<p>Atenciosamente,<br>O <strong>Copo<\/strong>-Docente-da-Confraria-da-Birita!<\/p>\n\n\n\n<p><small>* O pre\u00e7o de R$ 19,90 refere-se ao modelo Isopor Stander. Em todos os casos ser\u00e1 acrescida uma taxa de R$ 175 para a administra\u00e7\u00e3o condominial e assuntos de churrasco.<\/small><\/p>\n\n\n\n<div class=\"wp-block-image size-full wp-image-742\"><figure class=\"aligncenter\"><img loading=\"lazy\" decoding=\"async\" width=\"725\" height=\"678\" src=\"https:\/\/nitsites.com.br\/confraria\/wp-content\/uploads\/sites\/9\/2008\/06\/hino-unib.jpg\" alt=\"Hino na UniB\" class=\"wp-image-742\" srcset=\"https:\/\/nitsites.com.br\/confraria\/wp-content\/uploads\/sites\/9\/2008\/06\/hino-unib.jpg 725w, https:\/\/nitsites.com.br\/confraria\/wp-content\/uploads\/sites\/9\/2008\/06\/hino-unib-350x327.jpg 350w, https:\/\/nitsites.com.br\/confraria\/wp-content\/uploads\/sites\/9\/2008\/06\/hino-unib-588x550.jpg 588w\" sizes=\"auto, (max-width: 725px) 100vw, 725px\" \/><figcaption>Imagem por Ta\u00edsa<\/figcaption><\/figure><\/div>\n\n\n\n<h2 class=\"wp-block-heading\">Universidade da Birita &#8211; Grade Curricular<\/h2>\n\n\n\n<h3 class=\"wp-block-heading\">Bacharelado em Alcoologia<\/h3>\n\n\n\n<h4 class=\"wp-block-heading\">COMPOSI\u00c7\u00c3O E MODELAGEM DOS ENGRADADOS (CME) &#8211; UB110<\/h4>\n\n\n\n<p>An\u00e1lise qualitativa dos sistemas estruturais que comportam a cerveja. Empilhagem m\u00e1xima. Pesquisa de m\u00e1ximo aproveitamento. Teoria: bebendo muito e pagando pouco.<\/p>\n\n\n\n<h4 class=\"wp-block-heading\">FUNDAMENTOS B\u00c1SICOS DA SOCIEDADE \u00c9BRIA (FBE) &#8211; UB111<\/h4>\n\n\n\n<p>Sistema de equil\u00edbrio que comp\u00f5e a sociedade da Confraria da Birita. Introdu\u00e7\u00e3o \u00e0 hierarquia, regras de etiqueta, c\u00f3digo de postura.<\/p>\n\n\n\n<h4 class=\"wp-block-heading\">HIST\u00d3RIA DA ARTE DO \u00c1LCOOL I (HAA!) &#8211; UB113<\/h4>\n\n\n\n<p>Evolu\u00e7\u00e3o da arte de beber no contexto geral das artes na Idade Cl\u00e1ssica: dos bacanais de outrora \u00e0s modernas orgias alco\u00f3licas.<\/p>\n\n\n\n<h4 class=\"wp-block-heading\">EXPRESS\u00c3O GR\u00c1FICA &#8211; UB117<\/h4>\n\n\n\n<p>Desenvolvimento da percep\u00e7\u00e3o visual possibilitando que o estudante desenhe como se estivesse s\u00f3brio, mesmo estando tr\u00eabado. Docente: Excelent\u00edssimo Presidente Ramon D., PhD no assunto.<\/p>\n\n\n\n<h4 class=\"wp-block-heading\">EST\u00c1TICA DOS CORPOS R\u00cdGIDOS (ECR) &#8211; UB125<\/h4>\n\n\n\n<p>Tecnica para &#8220;beber at\u00e9 cair&#8221;, mas n\u00e3o cair: condi\u00e7\u00f5es de equil\u00edbrio. Apoios, v\u00ednculos e liga\u00e7\u00f5es (ombros de amigos, paredes e latas de lixo). C\u00e1lculo dos esfor\u00e7os solicitantes. Linhas de Estado Alco\u00f3lico. Sistemas Articulados: t\u00e9cnica do joelho duro.<\/p>\n\n\n\n<h4 class=\"wp-block-heading\">HIST\u00d3RIA DA ARTE DO \u00c1LCOOL II (HAAAAAA!!) &#8211; UB123<\/h4>\n\n\n\n<p>Evolu\u00e7\u00e3o da arte de beber no contexto geral das artes na Idade M\u00e9dia: do frango com vinho dos castelos ao frango com farofa e cervejinha de hoje.<\/p>\n\n\n\n<h4 class=\"wp-block-heading\">INFORM\u00c1TICA APLICADA \u00c0 CACHA\u00c7A E \u00c0 CERVEJA (INFO) &#8211; UB120<\/h4>\n\n\n\n<p>Dreamweaver: desenvolvimento de sites para incitar o consumo alco\u00f3lico. Excel: desenvolvimento de planilhas para planejar churrascos. Word: carta eximidora de culpa por inconsci\u00eancia alco\u00f3lica. Access: cadastro de bares e botecos.<\/p>\n\n\n\n<h4 class=\"wp-block-heading\">EST\u00c1TICA DOS CORPOS EL\u00c1STICOS (ECE) &#8211; UB238<\/h4>\n\n\n\n<p>Evolu\u00e7\u00e3o da mat\u00e9ria &#8220;est\u00e1tica dos corpos r\u00edgidos&#8221;, essa mat\u00e9ria visa ensinar o aluno a se manter em p\u00e9 mesmo quando est\u00e1 balan\u00e7ando mais do que vara verde: an\u00e1lise de tens\u00f5es e de deforma\u00e7\u00f5es. Tra\u00e7\u00e3o. Compress\u00e3o. Flex\u00e3o reta e obl\u00edqua. Tor\u00e7\u00e3o. Instabilidade el\u00e1stica.<\/p>\n\n\n\n<h4 class=\"wp-block-heading\">HIST\u00d3RIA DA ARTE DO \u00c1LCOOL III (HAAAAAAAAA, CAR\u00c1IO!!!) &#8211; UB231<\/h4>\n\n\n\n<p>Evolu\u00e7\u00e3o da arte de beber no contexto geral das artes desde o Renascimento at\u00e9 o final da Idade Moderna: da boiolice de ficar bebendo e ficar divagando sobre filosofia \u00e0 bravura de encher o pote e falar muita merda.<\/p>\n\n\n\n<h4 class=\"wp-block-heading\">TOPOGRAFIA B\u00c1SICA (TOPO) &#8211; UB230<\/h4>\n\n\n\n<p>Como beber e n\u00e3o trope\u00e7ar. M\u00e9todo de levantamento dos p\u00e9s de acordo com o micro-relevo. Bebendo no cimentado. Bebendo no barro. Bebendo no morro: t\u00e9cnica de recoloca\u00e7\u00e3o corporal para ajuste angular.<\/p>\n\n\n\n<h4 class=\"wp-block-heading\">PROJETO ALCO\u00d3LICO I (PA I) &#8211; UB245<\/h4>\n\n\n\n<p>Projeto de churrascos e outros encontros alco\u00f3licos. Teoria do projeto. Rela\u00e7\u00e3o entre o espa\u00e7o da festa e o espa\u00e7o edificado circunvizinhante: como abaixar o volume do som e conversar com a pol\u00edcia sem dar pala de b\u00eabado.<\/p>\n\n\n\n<h4 class=\"wp-block-heading\">SANEAMENTO DO USU\u00c1RIO &#8211; UB241<\/h4>\n\n\n\n<p>Da boca do b\u00eabado at\u00e9 a boca do vaso: capta\u00e7\u00e3o, adu\u00e7\u00e3o, eleva\u00e7\u00e3o, tratamento, reserva\u00e7\u00e3o e distribui\u00e7\u00e3o; esgoto sanit\u00e1rio, rede, tratamento e destino final. Evitando a polui\u00e7\u00e3o por respingos: como acertar o centro do vaso.<\/p>\n\n\n\n<h4 class=\"wp-block-heading\">PROJETO ALCO\u00d3LICO II (PA II)- UB355<\/h4>\n\n\n\n<p>Projeto de churrascos e outros encontros alco\u00f3licos. Estrutura comunit\u00e1ria: o churrasco \u00e9 feito com partes de um todo. Compreens\u00e3o de que levar nova schin ou kaiser pra um churrasco \u00e9 sacanagem. Rela\u00e7\u00e3o entre os espa\u00e7os p\u00fablicos, semi-p\u00fablicos e privados: como identificar se \u00e9 poss\u00edvel pular o muro e invadir o churrasco do vizinho.<\/p>\n\n\n\n<h4 class=\"wp-block-heading\">CONFORTO AMBIENTAL &#8211; UB354<\/h4>\n\n\n\n<p>Como deixar a cerveja no ponto. No\u00e7\u00f5es de conforto t\u00e9rmico e de refrigera\u00e7\u00e3o. Ar e \u00e1gua; trocas de calor; radia\u00e7\u00e3o solar direta, difusa e global.<\/p>\n\n\n\n<h4 class=\"wp-block-heading\">TRABALHO FINAL DE GRADUA\u00c7\u00c3O ALCO\u00d3LICA (TFGA) &#8211; UB1001<\/h4>\n\n\n\n<p>Trabalho individual, de livre escolha do aluno, relacionado com as atribui\u00e7\u00f5es profissionais do Alco\u00f3logo, a ser realizado ao final do curso e ap\u00f3s a integraliza\u00e7\u00e3o das mat\u00e9rias do curr\u00edculo m\u00ednimo. Orientado por professor de departamento do curso e submetido a banca de avalia\u00e7\u00e3o.<\/p>\n","protected":false},"excerpt":{"rendered":"<p>A Universidade da Birita &#8211; UniB oferece o curso de Gradua\u00e7\u00e3o Alco\u00f3lica em seis per\u00edodos. A titula\u00e7\u00e3o \u00e9 de Bacharel em Alcoologia e as aulas-churrasco s\u00e3o ministradas aos s\u00e1bados ou domingos (ou ambos, dependendo da disposi\u00e7\u00e3o para a pr\u00e1tica). O curso de Gradua\u00e7\u00e3o Alco\u00f3lica conta com mat\u00e9rias de suma import\u00e2ncia para o desenvolvimento \u00e9brio-educacional do [&hellip;]<\/p>\n","protected":false},"author":1,"featured_media":1305,"parent":80,"menu_order":3,"comment_status":"closed","ping_status":"closed","template":"","meta":{"footnotes":""},"class_list":["post-81","page","type-page","status-publish","has-post-thumbnail","hentry"],"_links":{"self":[{"href":"https:\/\/nitsites.com.br\/confraria\/wp-json\/wp\/v2\/pages\/81","targetHints":{"allow":["GET"]}}],"collection":[{"href":"https:\/\/nitsites.com.br\/confraria\/wp-json\/wp\/v2\/pages"}],"about":[{"href":"https:\/\/nitsites.com.br\/confraria\/wp-json\/wp\/v2\/types\/page"}],"author":[{"embeddable":true,"href":"https:\/\/nitsites.com.br\/confraria\/wp-json\/wp\/v2\/users\/1"}],"replies":[{"embeddable":true,"href":"https:\/\/nitsites.com.br\/confraria\/wp-json\/wp\/v2\/comments?post=81"}],"version-history":[{"count":2,"href":"https:\/\/nitsites.com.br\/confraria\/wp-json\/wp\/v2\/pages\/81\/revisions"}],"predecessor-version":[{"id":1669,"href":"https:\/\/nitsites.com.br\/confraria\/wp-json\/wp\/v2\/pages\/81\/revisions\/1669"}],"up":[{"embeddable":true,"href":"https:\/\/nitsites.com.br\/confraria\/wp-json\/wp\/v2\/pages\/80"}],"wp:featuredmedia":[{"embeddable":true,"href":"https:\/\/nitsites.com.br\/confraria\/wp-json\/wp\/v2\/media\/1305"}],"wp:attachment":[{"href":"https:\/\/nitsites.com.br\/confraria\/wp-json\/wp\/v2\/media?parent=81"}],"curies":[{"name":"wp","href":"https:\/\/api.w.org\/{rel}","templated":true}]}}